{"id":17,"date":"2015-02-09T10:34:11","date_gmt":"2015-02-09T10:34:11","guid":{"rendered":"http:\/\/www.hydrowash.com\/?page_id=17"},"modified":"2016-01-08T17:46:58","modified_gmt":"2016-01-08T17:46:58","slug":"accueil","status":"publish","type":"page","link":"https:\/\/www.hydrowash.com\/","title":{"rendered":"HYDROWASH"},"content":{"rendered":"<div class=\"twocol-one\">HYDROWASH est une soci\u00e9t\u00e9 bas\u00e9e en Suisse. Elle a \u00e9t\u00e9 cr\u00e9e en 2000 par Andr\u00e9 Lambert et Maurice Augsburger, depuis, la renomm\u00e9e de ses installations de lavage s&#8217;est largement r\u00e9pandue.<br \/>\nSes activit\u00e9s couvrent plusieurs pays, notament la Suisse, la France, l\u2019Italie, et la Belgique, ainsi que d&#8217;autres pays en Europe. Elle sp\u00e9cialis\u00e9e dans la fabrication d&#8217;installations de lavage automobiles haute pression en libre service en Suisse et \u00e0 l&#8217;\u00e9tranger.<\/p>\n<p><strong>HYDROWASH aujourd&#8217;hui s\u2019est<\/strong>:<\/p>\n<ul>\n<li><strong>11 personnes<\/strong> qui travaillent \u00e0 Payerne<\/li>\n<li>Un r\u00e9seau de vente <strong>en France avec 3 secteurs<\/strong><br \/>\n(nord, centre et sud)<\/li>\n<li>Plus de <strong>100 centres de lavage<\/strong> HYDROSTAR et HYDROWASH en maintenance en Suisse et \u00e0 l&#8217;\u00e9tranger<\/li>\n<li>Une production annuelle entre 7 et 8 centres de lavage<\/li>\n<\/ul>\n<p>Toutes les activit\u00e9s de la soci\u00e9t\u00e9, administration, fabrication, assistance, technique, d\u00e9veloppement sont bas\u00e9es \u00e0 Payerne, \u00e0 proximit\u00e9 de l&#8217;autoroute A1\/E25 (sortie 27) reliant Gen\u00e8ve \u00e0 Berne.<\/p>\n<p><strong>Hydrowash d\u00e9veloppe une gamme de <span style=\"color: #bd1e2d;\">produits<\/span><\/strong> qui r\u00e9pond aux attentes des clients les plus exigeants. De la simple installation de lavage haute pression pour usage professionnel au centre de lavage libre-service le plus sophistiqu\u00e9, nous avons le produit qu&#8217;il vous faut &#8230;<\/p>\n<p><a href=\"http:\/\/www.hydrowash.com\/wp-content\/uploads\/2015\/02\/cartesuisse.jpg\"><img loading=\"lazy\" class=\"aligncenter wp-image-124 size-full\" src=\"http:\/\/www.hydrowash.com\/wp-content\/uploads\/2015\/02\/cartesuisse.jpg\" alt=\"cartesuisse\" width=\"384\" height=\"196\" srcset=\"https:\/\/www.hydrowash.com\/wp-content\/uploads\/2015\/02\/cartesuisse.jpg 384w, https:\/\/www.hydrowash.com\/wp-content\/uploads\/2015\/02\/cartesuisse-300x153.jpg 300w\" sizes=\"(max-width: 384px) 100vw, 384px\" \/><\/a><\/p>\n<\/div>\n<div class=\"twocol-one last\"><strong>Devenez exploitant ind\u00e9pendant!<\/strong><\/p>\n<p>Les exploitants de station de lavage <strong><span style=\"color: #bd1e2d;\">HYDROWASH<\/span><\/strong> sont enti\u00e8rement libres et ind\u00e9pendants. Aucune redevance ou franchise n&#8217;est exig\u00e9e de la part du fabricant. La ligne marketing et les logos de la marque <strong><span style=\"color: #bd1e2d;\">HYDROWASH<\/span><\/strong> sont libres d&#8217;utilisation pour les propri\u00e9taires d&#8217;installations en provenance de notre usine en Suisse.<\/p>\n<p>De nombreux exploitants de stations <strong><span style=\"color: #bd1e2d;\">HYDROSTAR<\/span><\/strong>, en Suisse comme en Europe ont report\u00e9 leur confiance sur la soci\u00e9t\u00e9 HYDROWASH, t\u00e9moignant ainsi de leur fid\u00e9lit\u00e9 \u00e0 un produit de qualit\u00e9 et \u00e0 leurs constructeurs.<\/p>\n<p>Notre exp\u00e9rience dans le domaine du lavage est \u00e0 m\u00eame de vous guider dans tous vos choix. Nous vous assistons dans l&#8217;\u00e9laboration de votre projet. Puis nous assurons toutes les prestations; montage, mise en service, formations, service apr\u00e8s-vente &#8230;<\/p>\n<p><a href=\"http:\/\/www.hydrowash.com\/wp-content\/uploads\/2015\/02\/miseenplace01.jpg\"><img loading=\"lazy\" class=\"alignnone wp-image-128 size-full\" src=\"http:\/\/www.hydrowash.com\/wp-content\/uploads\/2015\/02\/miseenplace01.jpg\" alt=\"miseenplace01\" width=\"367\" height=\"280\" srcset=\"https:\/\/www.hydrowash.com\/wp-content\/uploads\/2015\/02\/miseenplace01.jpg 367w, https:\/\/www.hydrowash.com\/wp-content\/uploads\/2015\/02\/miseenplace01-300x229.jpg 300w\" sizes=\"(max-width: 367px) 100vw, 367px\" \/><\/a><\/div><div class=\"clear\"><\/div>\n","protected":false},"excerpt":{"rendered":"","protected":false},"author":1,"featured_media":0,"parent":0,"menu_order":0,"comment_status":"open","ping_status":"open","template":"","meta":[],"_links":{"self":[{"href":"https:\/\/www.hydrowash.com\/index.php?rest_route=\/wp\/v2\/pages\/17"}],"collection":[{"href":"https:\/\/www.hydrowash.com\/index.php?rest_route=\/wp\/v2\/pages"}],"about":[{"href":"https:\/\/www.hydrowash.com\/index.php?rest_route=\/wp\/v2\/types\/page"}],"author":[{"embeddable":true,"href":"https:\/\/www.hydrowash.com\/index.php?rest_route=\/wp\/v2\/users\/1"}],"replies":[{"embeddable":true,"href":"https:\/\/www.hydrowash.com\/index.php?rest_route=%2Fwp%2Fv2%2Fcomments&post=17"}],"version-history":[{"count":18,"href":"https:\/\/www.hydrowash.com\/index.php?rest_route=\/wp\/v2\/pages\/17\/revisions"}],"predecessor-version":[{"id":495,"href":"https:\/\/www.hydrowash.com\/index.php?rest_route=\/wp\/v2\/pages\/17\/revisions\/495"}],"wp:attachment":[{"href":"https:\/\/www.hydrowash.com\/index.php?rest_route=%2Fwp%2Fv2%2Fmedia&parent=17"}],"curies":[{"name":"wp","href":"https:\/\/api.w.org\/{rel}","templated":true}]}}