{"id":40,"date":"2015-02-17T10:42:44","date_gmt":"2015-02-17T10:42:44","guid":{"rendered":"http:\/\/www.hydrowash.com\/?page_id=40"},"modified":"2015-03-05T10:14:29","modified_gmt":"2015-03-05T10:14:29","slug":"prestations","status":"publish","type":"page","link":"https:\/\/www.hydrowash.com\/?page_id=40","title":{"rendered":"PRESTATIONS"},"content":{"rendered":"<div class=\"twocol-one\">\n<p><span style=\"color: #bd1e2d;\">Assistance \u00e0 la r\u00e9alisation<\/span><\/p>\n<p>HYDROWASH vous accompagne professionnellement dans toutes les phases qui pr\u00e9c\u00e8dent l&#8217;ouverture d&#8217;un centre de lavage.<br \/>\nD\u00e8s le d\u00e9but de votre d\u00e9marche, nous vous assistons sans frais, <strong>\u00e9tape par \u00e9tape:<\/strong><\/p>\n<p>si besoin: recherche d&#8217;un terrain appropri\u00e9<br \/>\n\u00e9tude de march\u00e9 s\u00e9rieuse afin d&#8217;\u00e9valuer la faisabilit\u00e9 de votre projet business plan afin de vous aider dans votre demande de cr\u00e9dit<br \/>\ntransmission de plans (fichiers DWG ou DXF) \u00e0 l&#8217;intention de votre architecte pour la demande de permis de construire<br \/>\nconseils pour l&#8217;am\u00e9nagement du site, disposition des pistes de lavage, des voies de circulation, des places aspirateurs<br \/>\norientation des entreprises pour l&#8217;\u00e9tablissement des devis.<\/p>\n<p><strong>A l&#8217;obtention du permis de construire et du financement, notre collaboration s&#8217;intensifie:<\/strong><\/p>\n<p>aide pour l&#8217;attribution des travaux aux divers ma\u00eetres d&#8217;\u00e9tat, g\u00e9nie-civil, \u00e9lectricit\u00e9, eau, gaz<br \/>\ntransmission de plans de d\u00e9tails aux intervenants<br \/>\npr\u00e9sence de nos techniciens aux r\u00e9unions de chantier<br \/>\ncontr\u00f4le de la pose des gaines, fourreaux, chauffage sol, \u00e9coulements avant recouvrement (b\u00e9ton, bitume, pav\u00e9s).<\/p>\n<p><strong>Lorsque les entreprises de construction ont achev\u00e9 leurs travaux, nos monteurs peuvent intervenir:<\/strong><\/p>\n<p>mise en place de la cellule technique ou am\u00e9nagement du local pr\u00e9vu<br \/>\nmontage de la structure sur les pistes de lavage<br \/>\nraccordement des \u00e9nergies<br \/>\ninstallation des appareils p\u00e9riph\u00e9riques<br \/>\nmise en service, tests de fonctionnement<br \/>\ncontr\u00f4le de conformit\u00e9 avec les instances mandat\u00e9es<br \/>\n(Consuel, Veritas etc.)<\/p>\n<\/div>\n<div class=\"twocol-one last\"><strong>Votre centre de lavage est pr\u00eat pour l&#8217;ouverture au public, notre attention se porte sur l&#8217;exploitation:<\/strong><\/p>\n<p>pr\u00e9sentation des divers agr\u00e9gats et des fonctions de l&#8217;automate industriel au personnel d&#8217;exploitation<br \/>\nformation sur les travaux de maintenance simples<br \/>\nplanification des contr\u00f4les p\u00e9riodiques, duret\u00e9 de l&#8217;eau, conductivit\u00e9, pressions, temp\u00e9ratures, compteurs.<br \/>\nmise en place et test des outils de communication \u00e0 distance<br \/>\n(vid\u00e9o-surveillance, alarmes SMS et E-Mail)<\/p>\n<p><strong>Il est temps pour l&#8217;exploitant de penser \u00e0 l&#8217;inauguration et \u00e0 la publicit\u00e9!<\/strong><\/p>\n<p><strong><span style=\"color: #bd1e2d;\">Nous prestations couvrent aussi le service apr\u00e8s vente !<\/span><\/strong><\/p>\n<p>Nos techniciens, sp\u00e9cialement form\u00e9s, assurent le service apr\u00e8s-vente de toute installation livr\u00e9e par HYDROWASH.<br \/>\nL&#8217;assistance t\u00e9l\u00e9phonique, 7 jours sur 7, est gratuite. Nous assurons le support technique de toute installation HYDROSTAR, ind\u00e9pendamment de leur ann\u00e9e de construction et leur situation g\u00e9ographique.<\/p>\n<\/div><div class=\"clear\"><\/div>\n","protected":false},"excerpt":{"rendered":"","protected":false},"author":1,"featured_media":0,"parent":0,"menu_order":0,"comment_status":"open","ping_status":"open","template":"","meta":[],"_links":{"self":[{"href":"https:\/\/www.hydrowash.com\/index.php?rest_route=\/wp\/v2\/pages\/40"}],"collection":[{"href":"https:\/\/www.hydrowash.com\/index.php?rest_route=\/wp\/v2\/pages"}],"about":[{"href":"https:\/\/www.hydrowash.com\/index.php?rest_route=\/wp\/v2\/types\/page"}],"author":[{"embeddable":true,"href":"https:\/\/www.hydrowash.com\/index.php?rest_route=\/wp\/v2\/users\/1"}],"replies":[{"embeddable":true,"href":"https:\/\/www.hydrowash.com\/index.php?rest_route=%2Fwp%2Fv2%2Fcomments&post=40"}],"version-history":[{"count":4,"href":"https:\/\/www.hydrowash.com\/index.php?rest_route=\/wp\/v2\/pages\/40\/revisions"}],"predecessor-version":[{"id":140,"href":"https:\/\/www.hydrowash.com\/index.php?rest_route=\/wp\/v2\/pages\/40\/revisions\/140"}],"wp:attachment":[{"href":"https:\/\/www.hydrowash.com\/index.php?rest_route=%2Fwp%2Fv2%2Fmedia&parent=40"}],"curies":[{"name":"wp","href":"https:\/\/api.w.org\/{rel}","templated":true}]}}